?
21
What is the remainder when 1042 is divided by 299?
145
Calculate the remainder when 293 is divided by 34.
21
Calculate the remainder when 152 is divided by 78.
74
Calculate the remainder when 466 is divided by 63.
25
What is the remainder when 184 is divided by 88?
8
What is the remainder when 163 is divided by 39?
7
What is the remainder when 90 is divided by 20?
10
Calculate the remainder when 21 is divided by 15.
6
Calculate the remainder when 410 is divided by 232.
178
What is the remainder when 335 is divided by 56?
55
What is the remainder when 80 is divided by 12?
8
Calculate the remainder when 107 is divided by 14.
9
Calculate the remainder when 91 is divided by 34.
23
What is the remainder when 3191 is divided by 21?
20
What is the remainder when 767 is divided by 123?
29
Calculate the remainder when 393 is divided by 138.
117
Calculate the remainder when 175 is divided by 31.
20
What is the remainder when 2407 is divided by 22?
9
What is the remainder when 782 is divided by 8?
6
What is the remainder when 28 is divided by 3?
1
Calculate the remainder when 2643 is divided by 9.
6
Calculate the remainder when 1084 is divided by 53.
24
What is the remainder when 928 is divided by 19?
16
Calculate the remainder when 674 is divided by 61.
3
What is the remainder when 309 is divided by 31?
30
Calculate the remainder when 2354 is divided by 124.
122
What is the remainder when 393 is divided by 89?
37
Calculate the remainder when 424 is divided by 152.
120
Calculate the remainder when 3259 is divided by 102.
97
Calculate the remainder when 12619 is divided by 21.
19
Calculate the remainder when 30942 is divided by 29.
28
What is the remainder when 55 is divided by 36?
19
Calculate the remainder when 328 is divided by 84.
76
Calculate the remainder when 530 is divided by 59.
58
Calculate the remainder when 344 is divided by 146.
52
What is the remainder when 157 is divided by 61?
35
Calculate the remainder when 84746 is divided by 53.
52
Calculate the remainder when 777 is divided by 464.
313
What is the remainder when 342 is divided by 72?
54
Calculate the remainder when 382 is divided by 49.
39
Calculate the remainder when 1687 is divided by 26.
23
What is the remainder when 5353 is divided by 85?
83
What is the remainder when 4875 is divided by 53?
52
What is the remainder when 78 is divided by 44?
34
What is the remainder when 143 is divided by 60?
23
Calculate the remainder when 344 is divided by 103.
35
What is the remainder when 142 is divided by 29?
26
What is the remainder when 6354 is divided by 26?
10
Calculate the remainder when 1091 is divided by 42.
41
Calculate the remainder when 1414 is divided by 118.
116
What is the remainder when 404 is divided by 27?
26
Calculate the remainder when 357 is divided by 95.
72
Calculate the remainder when 29 is divided by 27.
2
Calculate the remainder when 2102 is divided by 213.
185
Calculate the remainder when 1378 is divided by 277.
270
Calculate the remainder when 300 is divided by 148.
4
What is the remainder when 37 is divided by 23?
14
What is the remainder when 152 is divided by 20?
12
What is the remainder when 104 is divided by 12?
8
Calculate the remainder when 54 is divided by 15.
9
What is the remainder when 5411 is divided by 44?
43
Calculate the remainder when 477 is divided by 50.
27
What is the remainder when 810 is divided by 227?
129
Calculate the remainder when 42 is divided by 13.
3
Calculate the remainder when 474 is divided by 24.
18
Calculate the remainder when 145 is divided by 82.
63
Calculate the remainder when 162 is divided by 12.
6
Calculate the remainder when 522 is divided by 12.
6
Calculate the remainder when 84 is divided by 82.
2
Calculate the remainder when 900 is divided by 303.
294
Calculate the remainder when 1615 is divided by 131.
43
Calculate the remainder when 2091 is divided by 14.
5
Calculate the remainder when 798 is divided by 136.
118
What is the remainder when 1733 is divided by 14?
11
What is the remainder when 1403 is divided by 12?
11
What is the remainder when 51 is divided by 14?
9
Calculate the remainder when 126 is divided by 44.
38
Calculate the remainder when 1006 is divided by 53.
52
Calculate the remainder when 89 is divided by 4.
1
Calculate the remainder when 12600 is divided by 394.
386
Calculate the remainder when 373 is divided by 28.
9
What is the remainder when 345 is divided by 227?
118
Calculate the remainder when 1349 is divided by 10.
9
What is the remainder when 124 is divided by 66?
58
What is the remainder when 163 is divided by 48?
19
What is the remainder when 9462 is divided by 169?
167
Calculate the remainder when 263 is divided by 30.
23
Calculate the remainder when 318 is divided by 56.
38
Calculate the remainder when 285 is divided by 46.
9
What is the remainder when 492 is divided by 11?
8
Calculate the remainder when 484 is divided by 253.
231
What is the remainder when 4870 is divided by 2421?
28
What is the remainder when 99 is divided by 21?
15
Calculate the remainder when 965 is divided by 57.
53
What is the remainder when 143 is divided by 72?
71
What is the remainder when 1130 is divided by 87?
86
Calculate the remainder when 751 is divided by 244.
19
Calculate the remainder when 3054 is divided by 22.
18
What is the remainder when 363 is divided by 7?
6
Calculate the remainder when 4194 is divided by 41.
12
Calculate the remainder when 202 is divided by 12.
10
Calculate the remainder when 39 is divided by 16.
7
What is the remainder when 215 is divided by 35?
5
What is the remainder when 322 is divided by 13?
10
What is the remainder when 4046 is divided by 18?
14
Calculate the remainder when 525 is divided by 24.
21
What is the remainder when 311 is divided by 48?
23
Calculate the remainder when 855 is divided by 203.
43
What is the remainder when 204 is divided by 26?
22
Calculate the remainder when 618 is divided by 5.
3
Calculate the remainder when 401 is divided by 48.
17
What is the remainder when 1349 is divided by 41?
37
What is the remainder when 9459 is divided by 22?
21
What is the remainder when 822 is divided by 403?
16
Calculate the remainder when 172 is divided by 54.
10
What is the remainder when 4839 is divided by 91?
16
Calculate the remainder when 234 is divided by 128.
106
What is the remainder when 504 is divided by 129?
117
Calculate the remainder when 541 is divided by 527.
14
What is the remainder when 163 is divided by 144?
19
What is the remainder when 211 is divided by 4?
3
What is the remainder when 930 is divided by 18?
12
What is the remainder when 778 is divided by 17?
13
What is the remainder when 496 is divided by 252?
244
Calculate the remainder when 98 is divided by 42.
14
What is the remainder when 96 is divided by 55?
41
What is the remainder when 69 is divided by 9?
6
What is the remainder when 1043 is divided by 356?
331
What is the remainder when 9341 is divided by 21?
17
What is the remainder when 561 is divided by 94?
91
Calculate the remainder when 20149 is divided by 130.
129
Calculate the remainder when 690 is divided by 11.
8
What is the remainder when 108 is divided by 27?
0
What is the remainder when 7639 is divided by 40?
39
What is the remainder when 2620 is divided by 114?
112
Calculate the remainder when 85 is divided by 23.
16
Calculate the remainder when 43 is divided by 9.
7
Calculate the remainder when 4137 is divided by 46.
43
What is the remainder when 763 is divided by 43?
32
Calculate the remainder when 2004 is divided by 38.
28
What is the remainder when 67 is divided by 16?
3
What is the remainder when 157 is divided by 18?
13
Calculate the remainder when 383 is divided by 128.
127
What is the remainder when 212 is divided by 31?
26
What is the remainder when 381 is divided by 376?
5
What is the remainder when 68 is divided by 34?
0
What is the remainder when 66 is divided by 53?
13
Calculate the remainder when 3671 is divided by 22.
19
What is the remainder when 380 is divided by 41?
11
What is the remainder when 3919 is divided by 72?
31
Calculate the remainder when 2431 is divided by 5.
1
Calculate the remainder when 10525 is divided by 39.
34
What is the remainder when 2252 is divided by 2243?
9
Calculate the remainder when 32887 